mber?
True
Is 609653964911 composite?
False
Is 200063613 prime?
False
Is 125910294139 a prime number?
False
Is 8808434981 a composite number?
False
Is 1510024499 prime?
False
Is 21136891751 a composite number?
False
Is 509563711 composite?
False
Is 5278847149 composite?
False
Is 4053961451 a prime number?
True
Is 579697271 composite?
False
Is 5375608727 a prime number?
True
Is 117256408783 prime?
True
Is 548490673 composite?
False
Is 3911305441 composite?
True
Is 22009452221 a prime number?
True
Is 450660440177 prime?
True
Is 552473281 composite?
True
Is 2611682351 prime?
True
Is 10027139 prime?
True
Is 9739756051 prime?
True
Is 11169349409 a prime number?
True
Is 513595207 prime?
True
Is 155771849 prime?
True
Is 118388011 prime?
False
Is 1015574621 a prime number?
True
Is 17205343373 prime?
True
Is 1776917465 prime?
False
Is 10045134307 a prime number?
False
Is 806993483 a composite number?
False
Is 34038909533 prime?
True
Is 598832863 a prime number?
True
Is 2822532347 a prime number?
False
Is 13534842571 composite?
False
Is 8725242007 a prime number?
True
Is 3562841171 composite?
True
Is 90400170869 prime?
True
Is 104934463 prime?
False
Is 14188236823 a composite number?
False
Is 65921935405 a composite number?
True
Is 1410981581 a prime number?
True
Is 563079529 prime?
True
Is 633954029 prime?
False
Is 1012418795 a prime number?
False
Is 5014879721 a composite number?
True
Is 9793902523 a prime number?
False
Is 12549665177 composite?
True
Is 377578559 a composite number?
False
Is 6438838669 a prime number?
False
Is 5221109227 a composite number?
True
Is 11135744221 a composite number?
True
Is 667257791 a composite number?
False
Is 36351445289 prime?
True
Is 38803944833 a prime number?
True
Is 802187929 composite?
False
Is 493126919 composite?
False
Is 543804217 a composite number?
True
Is 1037858417 a prime number?
False
Is 6253067759 prime?
False
Is 3144354131 prime?
True
Is 1608087071 prime?
True
Is 58647392197 a prime number?
True
Is 1063667841 a prime number?
False
Is 36642538951 composite?
False
Is 97333101491 composite?
True
Is 40777067159 a composite number?
False
Is 39206093981 composite?
True
Is 150446029 a prime number?
False
Is 118075998839 composite?
True
Is 8037102023 a prime number?
True
Is 30713652059 a prime number?
False
Is 22065790853 a composite number?
True
Is 577166911 a prime number?
True
Is 20632794419 composite?
False
Is 4948492349 a prime number?
True
Is 1548568639 prime?
True
Is 33251262871 a prime number?
False
Is 6762984457 prime?
True
Is 4532475317 prime?
True
Is 96799468621 composite?
True
Is 37141543 composite?
True
Is 513903314 prime?
False
Is 23368573511 a composite number?
True
Is 53067207997 composite?
True
Is 11680203071 a composite number?
False
Is 10189241317 prime?
False
Is 67065405247 prime?
False
Is 82190664109 prime?
True
Is 223223081 a composite number?
False
Is 51710733631 composite?
True
Is 317052979679 a composite number?
False
Is 354016609 prime?
True
Is 6086702333 prime?
False
Is 2403962497 prime?
True
Is 101053973577 composite?
True
Is 540198089 a composite number?
False
Is 3748348459 prime?
True
Is 479632567 composite?
False
Is 543273779 composite?
False
Is 16649495117 prime?
True
Is 14777722 composite?
True
Is 313713518509 composite?
False
Is 771502091 prime?
False
Is 797476061 composite?
True
Is 4537137541 a prime number?
True
Is 26341366511 a composite number?
False
Is 280510981 a composite number?
False
Is 398068199 a prime number?
False
Is 11471185133 a prime number?
True
Is 5499503195 a prime number?
False
Is 4030739237 prime?
False
Is 18161826233 composite?
False
Is 524992777 prime?
False
Is 164592013 composite?
False
Is 7176262283 prime?
False
Is 23219656937 a composite number?
False
Is 13245870607 a prime number?
False
Is 11166722863 a prime number?
False
Is 4978378801 a prime number?
False
Is 3990325529 a composite number?
False
Is 1033938709 a composite number?
True
Is 364190093429 a composite number?
False
Is 5000836663 a prime number?
False
Is 32245804199 composite?
True
Is 6136880327 composite?
True
Is 426148733 a composite number?
False
Is 728719793 composite?
False
Is 1327547659 composite?
True
Is 964216886 prime?
False
Is 4126718083 a prime number?
True
Is 2513090449 prime?
False
Is 23081297189 a prime number?
False
Is 30092482087 a composite number?
True
Is 69499106 a composite number?
True
Is 125510141 composite?
True
Is 278198287 composite?
True
Is 54007377161 a composite number?
False
Is 34961094233 composite?
True
Is 126865964543 composite?
False
Is 20055908891 a composite number?
False
Is 32274553369 prime?
True
Is 1604781471 prime?
False
Is 1469446633 a prime number?
False
Is 344210905 a composite number?
True
Is 186936359 prime?
True
Is 283242607 a composite number?
False
Is 81176461 composite?
True
Is 2423230027 composite?
True
Is 12813474527 a prime number?
False
Is 133493623 a prime number?
False
Is 12166965029 a composite number?
True
Is 1438460197 a composite number?
False
Is 5545027139 composite?
True
Is 2056062377 a composite number?
True
Is 16752735659 prime?
False
Is 347758366 composite?
True
Is 4495693889 composite?
True
Is 1939890653 a composite number?
True
Is 6945912451 a prime number?
True
Is 350826439 composite?
True
Is 374852831 composite?
False
Is 4212424037 composite?
False
Is 3221094707 a composite number?
True
Is 10296543893 a prime number?
False
Is 45829079873 prime?
False
Is 16676038829 composite?
True
Is 34708978273 composite?
True
Is 10643990251 a composite number?
True
Is 38575857535 prime?
False
Is 8759110337 a prime number?
True
Is 142747175489 prime?
True
Is 306275424185 a composite number?
True
Is 1374064849 prime?
False
Is 8197257997 a prime number?
True
Is 9256039451 a prime number?
False
Is 159300020879 a composite number?
False
Is 143096324737 a prime number?
True
Is 3669620957 a prime number?
True
Is 21483904531 prime?
False
Is 7335121471 a composite number?
True
Is 3895245506 prime?
False
Is 2700067879 a composite number?
True
Is 9818546851 prime?
True
Is 1500894811 composite?
True
Is 10331615353 a composite number?
True
Is 6047891341 prime?
True
Is 8960557 a composite number?
False
Is 1565537287 composite?
False
Is 119643757 a composite number?
True
Is 33283826 prime?
False
Is 11168005337 a composite number?
False
Is 616026893 composite?
False
Is 689298059 composite?
False
Is 35500659591 prime?
False
Is 11349651343 prime?
True
Is 61477228987 a composite number?
False
Is 7304860061 a composite number?
True
Is 549224261 a prime number?
True
Is 1632795987 prime?
False
Is 11441122321 a composite number?
True
Is 1438086211 a composite number?
False
Is 866083103 prime?
True
Is 2517277387 a composite number?
False
Is 842838163 prime?
True
Is 11180359 prime?
True
Is 3105754693 prime?
True
Is 17166823031 prime?
True
Is 941295451 a prime number?
False
Is 2904482501 a prime number?
False
Is 8140750489 prime?
True
Is 1311388283 a prime number?
False
Is 30187436863 composite?
False
Is 360833969 composite?
False
Is 2886376877 a composite number?
False
Is 225201269071 a composite number?
True
Is 9505313159 prime?
True
Is 4937821013 prime?
True
Is 103319627249 prime?
True
Is 165270127 prime?
False
Is 1002642679 composite?
False
Is 2324944847 a prime number?
True
Is 269266117 prime?
False
Is 37198781 a prime number?
False
Is 104630293 a prime number?
True
Is 970964393 a prime number?
False
Is 470830541 a prime number?
False
Is 1142005199 a composite number?
False
Is 3408765383 prime?
True
Is 6484157201 prime?
False
Is 1877904111 a prime number?
False
Is 10086868129 prime?
False
Is 3268622359 a prime number?
True
Is 161476745 composite?
True
Is 744334739 a composite number?
False
Is 232670489 composite?
False
Is 297756061 a prime number?
True
Is 1883428699 a prime number?
True
Is 42110953 a composite number?
True
Is 4704667343 a composite number?
False
Is 68815395907 a prime number?
False
Is 93249074803 composite?
False
Is 1773227447 a prime number?
False
Is 74323059 a composite number?
True
Is 290631233 a composite number?
False
Is 473728835 composite?
True
Is 1301544151 composite?
False
Is 334131972701 prime?
True
Is 1763069419 prime?
True
Is 23114959267 prime?
False
Is 478355399 prime?
True
Is 32724613703 prime?
False
Is 11687886811 prime?
